 common factor of i and 19?
19
Suppose -10*w + 722 = 9*w. What is the greatest common divisor of w and 57?
19
Let u = -13 + 28. Suppose -13*x = -16*x + u. Suppose 0*m = -x*h - 4*m + 118, 4*h - 4*m - 116 = 0. Calculate the highest common divisor of 130 and h.
26
Suppose i - 5*h - 6 = 0, 0*h = 4*i + h - 108. Let w(k) = -13*k**3 + k**2 + k - 2. Let n be w(-2). Calculate the greatest common factor of n and i.
26
Suppose -11*d + 1654 + 634 = 0. What is the highest common factor of 572 and d?
52
Let b = -207 + 1295. What is the greatest common divisor of 17 and b?
17
Suppose 2*c - 79 = -3*b, -4*b - 25 = -9*b. Let r = c + -18. Suppose -3*o - 40 = -208. Calculate the greatest common divisor of r and o.
14
Let l = 21 + 49. Let g be (2 - 4 - -12) + 0. Calculate the greatest common divisor of g and l.
10
Let o(x) = -x + 6. Let s be o(-9). Let l(p) = -p - 2. Let z be l(-7). Suppose -z*c + 107 = -118. What is the highest common divisor of c and s?
15
Suppose -9 - 9 = 6*h. Suppose 0*p - 15 = -5*p. Let k be (-6 - h) + p + 165. What is the highest common divisor of 15 and k?
15
Suppose 0 = 3*t - 3*v - 1811 - 1831, 2443 = 2*t - 5*v. Calculate the greatest common factor of t and 93.
93
Let a = -60 + 76. Let y be 41/4 - (-4 + 68/a). What is the highest common factor of 10 and y?
10
Let q be 0 - 1/(-4 + 3). Let t(j) be the third derivative of j**6/120 + j**3/6 - 12*j**2. Let i be t(0). Calculate the highest common divisor of i and q.
1
Let g be -1 - (0 + -3)/(-1). Suppose 0 = 2*j + 10, -5*t - 2*j - 306 - 579 = 0. Let v = g - t. What is the greatest common factor of v and 19?
19
Let f be (24 - -91) + 3*-1. Let h be 57/2 + 44/(-8) + 5. Calculate the highest common divisor of f and h.
28
Let v(j) = -3*j**2 + 2*j + 24. Let o be v(0). Calculate the greatest common factor of 4 and o.
4
Let v = 15 + -9. Let n(j) = 3*j + 78. Let g be n(16). Suppose 45 = 131*d - g*d. What is the greatest common factor of v and d?
3
Suppose -k + 22 = -20. Let z be (-632)/(-28) + 1*(-28)/49. Let t = k - z. What is the highest common divisor of 120 and t?
20
Let h = 94 + -61. Let q be (-2)/(7/(-3)*(-8)/(-28)). Calculate the highest common divisor of q and h.
3
Let d be 106/22 - 8/132*-3. What is the greatest common divisor of 15 and d?
5
Let r(m) = 15*m**3 - m**2 + 1. Suppose 0 = 2*o + 4 - 16. Suppose -5 = j - o*j. Let a be r(j). Calculate the greatest common divisor of 120 and a.
15
Let n = -188 - -94. Let j = -38 - n. What is the highest common factor of 140 and j?
28
Let d = 165 + -66. Calculate the highest common factor of 33 and d.
33
Suppose -3 = h - 5. Let w(t) = -5 + h*t + 5*t**2 + t**3 - t - 6*t**3 + 6*t**3. Let l be w(-4). What is the greatest common factor of 1 and l?
1
Suppose 37 = a + 4*j, -2*a = 3*j - 40 - 44. Let i = 10 + a. Suppose 6*m = 3*m - 3*g + 21, 0 = 4*m + 2*g - 36. What is the highest common divisor of m and i?
11
Let k = 248 + -176. Let a = -47 + k. Calculate the greatest common divisor of a and 10.
5
Let s be (5 - (-316)/(-36)) + (-4)/18. Let p be 27*(s/12)/(-1). Calculate the greatest common factor of 9 and p.
9
Let u = -311 + 430. Let v = 14 + 3. Calculate the greatest common divisor of u and v.
17
Let d be (1 - -21)/(8*5/20). Calculate the highest common factor of d and 1.
1
Suppose y = -72 + 266. Suppose 0*w + 3*b - y = -2*w, -w + 90 = 5*b. What is the highest common factor of 25 and w?
25
Let l = 410 - 384. What is the greatest common divisor of l and 26?
26
Let i(c) be the first derivative of -9 + 3/2*c**2 + 5*c. Let x be i(5). Calculate the greatest common divisor of x and 60.
20
Let c = 17 + -11. Suppose 0 = p - 3*p + c. Suppose 160 = a - 2*g, 0*g - 9 = p*g. Calculate the highest common factor of a and 14.
14
Let i be (-22)/(-11 + 81/9). What is the greatest common divisor of 3036 and i?
11
Let a = 11 + -6. Let i(f) be the third derivative of -f**4/24 + 2*f**3 + 12*f**2. Let w be i(a). Calculate the greatest common divisor of w and 7.
7
Let l be (-2 + 2)/(-2) + 8. Suppose 3*y + 3*s + 13 = 43, y = -5*s + 26. Let c be (3 - y)*(-8)/3. Calculate the greatest common divisor of l and c.
8
Let s = 17 - 5. Let i be (-4)/(-12)*-1 + 58/3. Suppose -i - 65 = -p. Calculate the greatest common factor of p and s.
12
Let h = -149 + 84. Let g = h + 75. What is the highest common factor of g and 90?
10
Suppose -2*p - 32 = -8*f + 7*f, 0 = f + p - 20. What is the greatest common factor of f and 108?
12
Let y(r) = 8*r**3 + r**2 - 3*r + 4. Let w be (-3 - 0)*14/(-21). Let m be y(w). What is the greatest common divisor of m and 6?
6
Let g be -2*(-8)/(112/(-553)). Suppose -2*s + 4*s - 294 = 0. Let o = s + g. What is the highest common factor of 17 and o?
17
Let a be (99/(-12))/((-33)/88). Calculate the greatest common factor of 2 and a.
2
Suppose -q + 100 = 4*q. Let p = q - -16. What is the greatest common factor of p and 54?
18
Suppose 31*v = 90*v - 1947. Let h(g) = 3*g**3 - 2*g + 2. Let c be h(2). What is the greatest common divisor of v and c?
11
Suppose -5 = -3*f - 65. Suppose -3*v = -4*v + 40. Let k = v + f. Calculate the greatest common factor of 8 and k.
4
Suppose 3*d - 2 - 19 = 0. Let w = 20 + -20. Let g be (w - -2)/((-3)/(-42)). What is the greatest common divisor of d and g?
7
Let l(c) = -c**2 + 10*c - 8. Let q be l(7). Let s be (2 + 1)/((-6)/(-22)). Suppose -12*d = -s*d - 13. Calculate the highest common divisor of d and q.
13
Let k(j) = 7*j**2 + 6*j + 3. Let o be k(-2). What is the highest common factor of o and 209?
19
Let c(a) = a**3 + 13*a**2 + 33*a + 11. Let q be c(-9). What is the highest common factor of q and 95?
19
Suppose 3*k - 60 = 183. Calculate the highest common factor of 297 and k.
27
Let v(a) = -4*a + 0 - 5 - 2. Let t(i) = 6*i + 10. Let d(o) = -5*t(o) - 8*v(o). Let c be d(8). Calculate the greatest common divisor of 22 and c.
22
Let d be (-898)/(-10) - (-1)/5. Suppose 5*x - 2*x = d. Let a be -669*5/(-45) + 6/9. What is the greatest common divisor of a and x?
15
Let s be (-3 + 4)*(-156)/(-6). What is the highest common divisor of s and 143?
13
Let k = 52 + -60. Let n = k - -33. What is the greatest common divisor of 10 and n?
5
Suppose 3*h = 2399 + 2497. What is the highest common divisor of h and 24?
24
Let j = -77 + 952. Suppose 0 = -5*q - 4*a + j, 2*q + 5*a = -0*q + 350. Calculate the greatest common divisor of 25 and q.
25
Let g = 229 + -183. What is the highest common factor of 69 and g?
23
Let m be 4356/252 + 2/(-7) + 0. What is the greatest common divisor of 578 and m?
17
Suppose 24*p - 930 = 2262. What is the highest common divisor of 57 and p?
19
Let w(y) = y - 3. Suppose -m - m - 2*r - 8 = 0, -3*m + 8 = -2*r. Let p be w(m). Let n be (-2)/p - (-84)/9. What is the highest common divisor of n and 50?
10
Let w = -1 - -2. Suppose y - 2*z - 3 = 0, 5*y + 4*z = 4*y + 21. Suppose 3*a - q - 32 = 0, a + w = -q + y. What is the highest common divisor of 5 and a?
5
Let r(p) = 2*p + 12*p**2 - 7*p - 3 - 11*p**2 - 12. Let j be r(9). What is the highest common factor of 84 and j?
21
Let c(b) = 5*b**2 + b - 1. Let x be c(1). Let p be (-42)/14 + 1*x. Let i be 20*2*(-1)/(-4). Calculate the greatest common factor of p and i.
2
Let a = -228 - -260. Let v = 11 - 7. Calculate the greatest common factor of v and a.
4
Let b = -167 + 258. Calculate the greatest common factor of b and 13.
13
Let d = -1705 + 1809. What is the greatest common divisor of 702 and d?
26
Let y(w) = 6*w + 15. Let c be y(14). Suppose 5*s + 1 = -3*g + 41, -4*g + 4*s = 0. Let n = 14 - g. Calculate the highest common factor of c and n.
9
Let t = 80 + 56. What is the highest common factor of t and 476?
68
Let l = 13 - 9. Suppose 280 = p + l*p. Let x(s) = s**2 + 2*s. Let d be x(2). What is the highest common factor of d and p?
8
Suppose 2*r + 63 + 108 = -3*o, 4*o - 2*r = -228. Let l = o - -80. Suppose 2 - l = -3*v. What is the greatest common factor of 21 and v?
7
Suppose -5*k = -3*k - 12. Let i(l) = 3*l**2 + 8*l + 7. Let g be i(-5). Calculate the greatest common factor of k and g.
6
Suppose 214 = -4*p + 8*p - 5*d, -4*d + 8 = 0. Calculate the greatest common factor of p and 504.
56
Let v be (-7 - -14)/(-7) + 380/5. What is the greatest common factor of v and 45?
15
Let s(g) = 35*g - 8. Let y be s(2). Suppose -f - y = -3*f. Suppose -4*j - 5*a = -f, j + 3*j + a = 51. Calculate the greatest common fact